Calculate the remainder when 288970746 is divided by 484.
482
What is the remainder when 300281 is divided by 1194?
587
What is the remainder when 35147 is divided by 6372?
3287
Calculate the remainder when 9283476 is divided by 1641.
339
What is the remainder when 2989363 is divided by 285?
283
What is the remainder when 4243019 is divided by 24108?
11
Calculate the remainder when 27070790 is divided by 329.
12
Calculate the remainder when 699928 is divided by 495.
493
Calculate the remainder when 2542779 is divided by 2624.
123
What is the remainder when 292185 is divided by 837?
72
Calculate the remainder when 43618 is divided by 3238.
1524
Calculate the remainder when 3131499 is divided by 282.
171
What is the remainder when 970135 is divided by 550?
485
Calculate the remainder when 29593 is divided by 2785.
1743
Calculate the remainder when 4084289 is divided by 130.
79
Calculate the remainder when 2946 is divided by 2520.
426
What is the remainder when 41261163 is divided by 2608?
2603
Calculate the remainder when 43763275 is divided by 398.
389
What is the remainder when 3100339 is divided by 2345?
249
What is the remainder when 402893 is divided by 134016?
845
Calculate the remainder when 8857214 is divided by 18.
8
Calculate the remainder when 4368518 is divided by 3543.
3542
What is the remainder when 11743780 is divided by 2105?
2090
Calculate the remainder when 13880 is divided by 5299.
3282
What is the remainder when 21106056 is divided by 738?
732
What is the remainder when 1962865 is divided by 31?
7
What is the remainder when 512070 is divided by 511907?
163
What is the remainder when 41528 is divided by 149?
106
Calculate the remainder when 407281 is divided by 1610.
1561
What is the remainder when 3289793 is divided by 120?
113
Calculate the remainder when 8430515 is divided by 2619.
2573
Calculate the remainder when 8440 is divided by 782.
620
What is the remainder when 26499733 is divided by 1972?
1969
Calculate the remainder when 5752086 is divided by 522892.
274
Calculate the remainder when 363653 is divided by 30304.
5
What is the remainder when 208228 is divided by 9783?
2785
What is the remainder when 1855159 is divided by 50?
9
What is the remainder when 5975728 is divided by 28?
24
What is the remainder when 549855 is divided by 182765?
1560
What is the remainder when 48819359 is divided by 4560?
4559
What is the remainder when 638940 is divided by 155?
30
Calculate the remainder when 559488 is divided by 185806.
2070
Calculate the remainder when 1344479 is divided by 374.
323
Calculate the remainder when 59452 is divided by 1028.
856
What is the remainder when 26797669 is divided by 13398831?
7
Calculate the remainder when 8161638 is divided by 1632326.
8
Calculate the remainder when 226536 is divided by 5799.
375
What is the remainder when 1842299 is divided by 122818?
29
What is the remainder when 242301 is divided by 1249?
1244
Calculate the remainder when 30392 is divided by 1271.
1159
What is the remainder when 2365601 is divided by 1215?
1211
What is the remainder when 78767335 is divided by 53?
7
Calculate the remainder when 50539 is divided by 50435.
104
What is the remainder when 543191 is divided by 312?
311
What is the remainder when 32908432 is divided by 16454204?
24
What is the remainder when 2097251 is divided by 419441?
46
Calculate the remainder when 1196017472 is divided by 219.
218
What is the remainder when 9694025 is divided by 32?
9
What is the remainder when 1607658 is divided by 1607652?
6
Calculate the remainder when 61983 is divided by 2373.
285
Calculate the remainder when 1254997 is divided by 25.
22
What is the remainder when 209860 is divided by 66?
46
Calculate the remainder when 2889595 is divided by 5677.
2
Calculate the remainder when 183110 is divided by 8490.
4820
Calculate the remainder when 1482198 is divided by 1667.
235
What is the remainder when 8013646 is divided by 59?
30
Calculate the remainder when 470125 is divided by 230810.
8505
Calculate the remainder when 890129 is divided by 7189.
5882
Calculate the remainder when 148726 is divided by 214.
210
What is the remainder when 39251161 is divided by 15?
1
What is the remainder when 71190777 is divided by 1119?
1116
Calculate the remainder when 1028 is divided by 25.
3
Calculate the remainder when 939374 is divided by 725.
499
Calculate the remainder when 162157 is divided by 7657.
1360
What is the remainder when 758352 is divided by 5832?
192
Calculate the remainder when 227215 is divided by 223340.
3875
Calculate the remainder when 671252 is divided by 115.
112
Calculate the remainder when 9549691 is divided by 4774763.
165
What is the remainder when 142897 is divided by 138678?
4219
Calculate the remainder when 312230 is divided by 2027.
72
Calculate the remainder when 1476246 is divided by 2955.
1701
What is the remainder when 12486468 is divided by 4162150?
18
What is the remainder when 1350762 is divided by 7335?
1122
Calculate the remainder when 41251 is divided by 1992.
1411
Calculate the remainder when 25760575 is divided by 570.
565
Calculate the remainder when 521586 is divided by 24826.
240
Calculate the remainder when 4579957 is divided by 2951.
5
What is the remainder when 43990431 is divided by 6554?
6537
Calculate the remainder when 47773198 is divided by 2078.
2056
What is the remainder when 8251527 is divided by 111507?
9
What is the remainder when 2582150 is divided by 93?
5
Calculate the remainder when 43802 is divided by 10948.
10
Calculate the remainder when 57866050 is divided by 39.
34
Calculate the remainder when 1158879 is divided by 54.
39
Calculate the remainder when 49333020 is divided by 175.
170
Calculate the remainder when 42629 is divided by 322.
125
What is the remainder when 13831 is divided by 991?
948
Calculate the remainder when 131101 is divided by 130594.
507
What is the remainder when 625844 is divided by 1130?
954
Calculate the remainder when 233850342 is divided by 22.
0
What is the remainder when 2974514 is divided by 4047?
4016
What is the remainder when 1076176 is divided by 4541?
4500
What is the remainder when 8634587 is divided by 18?
5
Calculate the remainder when 12167 is divided by 11895.
272
Calculate the remainder when 102929211 is divided by 113.
110
Calculate the remainder when 93580 is divided by 1007.
936
What is the remainder when 4348 is divided by 3241?
1107
What is the remainder when 1483225 is divided by 476?
9
Calculate the remainder when 2519481 is divided by 2519459.
22
Calculate the remainder when 566994 is divided by 16676.
10
Calculate the remainder when 330315776 is divided by 411.
8
Calculate the remainder when 1406298 is divided by 771.
765
What is the remainder when 3073789 is divided by 128?
125
Calculate the remainder when 2064100 is divided by 14957.
34
What is the remainder when 7108906 is divided by 2369625?
31
What is the remainder when 1763750 is divided by 1053?
1028
What is the remainder when 4102866 is divided by 13452?
6
Calculate the remainder when 1557782 is divided by 145.
47
Calculate the remainder when 73222472 is divided by 298.
296
What is the remainder when 8040308 is divided by 1608049?
63
Calculate the remainder when 85281 is divided by 16158.
4491
What is the remainder when 25480 is divided by 3492?
1036
Calculate the remainder when 80597318 is divided by 751.
749
Calculate the remainder when 95327 is divided by 9515.
177
Calculate the remainder when 148072994 is divided by 381.
11
What is the remainder when 18438174 is divided by 9219080?
14
Calculate the remainder when 23522388 is divided by 11761187.
14
What is the remainder when 16043863 is divided by 124?
123
What is the remainder when 426310 is divided by 30436?
206
Calculate the remainder when 14346817 is divided by 5664.
5569
Calculate the remainder when 16358 is divided by 12895.
3463
What is the remainder when 4084668 is divided by 66961?
47
What is the remainder when 413485 is divided by 27382?
2755
What is the remainder when 43306956 is divided by 601485?
36
What is the remainder when 12165 is divided by 716?
709
What is the remainder when 722389 is divided by 530?
529
What is the remainder when 960590 is divided by 12473?
169
What is the remainder when 88614192 i